{"id":10193,"date":"2018-06-22T16:59:05","date_gmt":"2018-06-22T16:59:05","guid":{"rendered":"https:\/\/upperinc.com\/previews\/wp\/skudo\/corporate-contents\/?page_id=10193"},"modified":"2024-06-04T15:23:45","modified_gmt":"2024-06-04T18:23:45","slug":"institucional-dcs-datacenter","status":"publish","type":"page","link":"https:\/\/www.dcsservice.com.br\/?page_id=10193","title":{"rendered":"Institucional"},"content":{"rendered":"<p>[vc_row css=&#8221;.vc_custom_1525183389535{padding-top: 100px !important;padding-bottom: 100px !important;}&#8221;][vc_column][ult_animation_block animation=&#8221;slideInUp&#8221; animation_duration=&#8221;1&#8243; animation_delay=&#8221;0.3&#8243; animation_iteration_count=&#8221;1&#8243;][verticaltabs style_vt=&#8221;icontext&#8221; orientation=&#8221;horizontal&#8221; style=&#8221;icontext&#8221; el_class=&#8221;special_tabs.horizontal&#8221;][verticaltab icon=&#8221;Defaults-database&#8221; title=&#8221;A DCS&#8221; tab_id=&#8221;1474056939962-2-7&#8243;][vc_row_inner][vc_column_inner width=&#8221;1\/2&#8243; css=&#8221;.vc_custom_1474056192226{padding-left: 25px !important;}&#8221;][vc_custom_heading text=&#8221;A DCS&#8221; font_container=&#8221;tag:h3|text_align:left|color:%23141b4d&#8221; use_theme_fonts=&#8221;yes&#8221;][vc_empty_space height=&#8221;20px&#8221;][vc_column_text]No mercado h\u00e1 10 anos, \u00e9 uma empresa caracterizada em solu\u00e7\u00f5es de infraestrutura para TI.<br \/>\nN\u00f3s desenvolvemos solu\u00e7\u00f5es end-to-end para datacenters, isto \u00e9, elaboramos projetos, gerenciamos e executamos cada etapa: constru\u00e7\u00e3o civil, piso elevado, forro, porta corta fogo, sistema el\u00e9trico, grupo geradores, cabeamento estruturado, montagem e organiza\u00e7\u00e3o de racks, climatiza\u00e7\u00e3o, controle de acesso, monitoramento de ambiente, SDACI sistema de detec\u00e7\u00e3o alarme e combate de inc\u00eandio e certifica\u00e7\u00f5es.<\/p>\n<p>Ainda dentro deste seguimento, oferecemos manuten\u00e7\u00e3o para datacenters e servi\u00e7os de cabeamento estruturado e grupo geradores para atender demais necessidades de nossos clientes.<\/p>\n<p>A <b>DCS Service<\/b> trabalha de maneira personalizada, com foco em cada necessidade, considerando precis\u00e3o e organiza\u00e7\u00e3o dos projetos, a qualidade das instala\u00e7\u00f5es, o padr\u00e3o dos equipamentos e tecnologias, a qualifica\u00e7\u00e3o e experi\u00eancia dos profissionais, al\u00e9m da efetividade dos treinamentos, seguindo uma \u00fanica motiva\u00e7\u00e3o: a satisfa\u00e7\u00e3o de nossos clientes.[\/vc_column_text][vc_empty_space height=&#8221;40px&#8221;][bsf-info-box icon=&#8221;Defaults-wrench&#8221; icon_size=&#8221;23&#8243; icon_color=&#8221;__USE_THEME_MAIN_COLOR__&#8221; title=&#8221;Manuten\u00e7\u00e3o e Consultoria.&#8221; el_class=&#8221;use-as-lists no-letter-spacing&#8221; title_font=&#8221;font_family:Muli|font_call:Muli&#8221; title_font_size=&#8221;desktop:14px;&#8221;][\/bsf-info-box][vc_empty_space height=&#8221;10px&#8221;][bsf-info-box icon=&#8221;Defaults-pencil&#8221; icon_size=&#8221;23&#8243; icon_color=&#8221;__USE_THEME_MAIN_COLOR__&#8221; title=&#8221;Projeto e Implanta\u00e7\u00e3o.&#8221; el_class=&#8221;use-as-lists no-letter-spacing&#8221; title_font=&#8221;font_family:Muli|font_call:Muli&#8221; title_font_size=&#8221;desktop:14px;&#8221;][\/bsf-info-box][vc_empty_space height=&#8221;10px&#8221;][bsf-info-box icon=&#8221;Defaults-certificate&#8221; icon_size=&#8221;23&#8243; icon_color=&#8221;__USE_THEME_MAIN_COLOR__&#8221; title=&#8221;Certifica\u00e7\u00e3o e Comissionamento.&#8221; el_class=&#8221;use-as-lists no-letter-spacing&#8221; title_font=&#8221;font_family:Muli|font_call:Muli&#8221; title_font_size=&#8221;desktop:14px;&#8221;][\/bsf-info-box][\/vc_column_inner][vc_column_inner width=&#8221;1\/2&#8243;][ultimate_carousel slides_on_desk=&#8221;1&#8243; slides_on_tabs=&#8221;1&#8243; slides_on_mob=&#8221;1&#8243; speed=&#8221;1200&#8243; arrows=&#8221;off&#8221; dots_color=&#8221;__USE_THEME_MAIN_COLOR__&#8221;][vc_single_image image=&#8221;12363&#8243; img_size=&#8221;full&#8221;][vc_single_image image=&#8221;12362&#8243; img_size=&#8221;full&#8221;][vc_single_image image=&#8221;12361&#8243; img_size=&#8221;full&#8221;][\/ultimate_carousel][\/vc_column_inner][\/vc_row_inner][\/verticaltab][verticaltab icon=&#8221;Defaults-refresh&#8221; title=&#8221;SOLU\u00c7\u00d5ES END-TO-END&#8221; tab_id=&#8221;1474056937778-1-7&#8243;][vc_row_inner][vc_column_inner css=&#8221;.vc_custom_1474056192226{padding-left: 25px !important;}&#8221;][vc_custom_heading text=&#8221;SOLU\u00c7\u00d5ES END-TO-END&#8221; font_container=&#8221;tag:h3|text_align:left&#8221; use_theme_fonts=&#8221;yes&#8221;][vc_empty_space height=&#8221;20px&#8221;][vc_column_text]A <b>DCS Service<\/b>\u00a0oferece solu\u00e7\u00f5es completas para a implanta\u00e7\u00e3o do seu data center, planejando e executando os processos de manuten\u00e7\u00e3o, projeto \/ design, implanta\u00e7\u00e3o, comissionamento, certifica\u00e7\u00e3o, moving e automa\u00e7\u00e3o. Atuando em todo o territ\u00f3rio nacional, planejamos e executamos os projetos do in\u00edcio ao fim, sempre assegurando o controle de qualidade em todas as etapas.<\/p>\n<h3>FORNECEDORES<\/h3>\n<p>Contamos com parceiros fixos de renome no mercado nacional para oferecer as solu\u00e7\u00f5es mais adequadas \u00e0s necessidades de cada cliente, sendo elas simples ou as mais avan\u00e7adas. Tudo acompanhado pela nossa garantia em todos os produtos, facilidade de entrega e pagamento.<\/p>\n<h3>QUALIDADE ASSEGURADA<\/h3>\n<p>Com o processo de Qualidade Assegurada da <b>DCS Service<\/b>\u00a0toda a cadeia de prestadores de servi\u00e7o \u00e9 gerenciada por um \u00fanico controle. Prazos, custos e qualidade s\u00e3o garantidos em todas as etapas do processo.[\/vc_column_text][\/vc_column_inner][\/vc_row_inner][\/verticaltab][verticaltab icon=&#8221;Defaults-group users&#8221; title=&#8221;PARCEIROS&#8221; tab_id=&#8221;1474047827453-0-8&#8243;][vc_row_inner][vc_column_inner css=&#8221;.vc_custom_1474056192226{padding-left: 25px !important;}&#8221;][vc_custom_heading text=&#8221;PARCEIROS&#8221; font_container=&#8221;tag:h3|text_align:left&#8221; use_theme_fonts=&#8221;yes&#8221;][vc_empty_space height=&#8221;20px&#8221;][vc_column_text]No universo da tecnologia, contar com as parcerias ideais \u00e9 um grande diferencial! Nesse sentido, a <b>DCS Service<\/b>\u00a0orgulha-se por suas conex\u00f5es, proporcionando neg\u00f3cios ainda mais vantajosos aos nossos clientes, tanto em termos de investimento, quanto, principalmente, em termos de qualidade e atendimento. Confira a seguir as principais parcerias da nossa empresa. Para mais informa\u00e7\u00f5es, estamos \u00e0 disposi\u00e7\u00e3o.[\/vc_column_text][vc_empty_space height=&#8221;25px&#8221;][\/vc_column_inner][\/vc_row_inner][\/verticaltab][\/verticaltabs][\/ult_animation_block][\/vc_column][\/vc_row][vc_row bg_type=&#8221;image&#8221; parallax_style=&#8221;vcpb-vz-jquery&#8221; bg_image_new=&#8221;id^12187|url^http:\/\/\/\/dcsservice.com.br\/wp-content\/uploads\/2019\/04\/data_fundo_inst.jpg|caption^null|alt^null|title^data_fundo_inst|description^null&#8221; bg_image_repeat=&#8221;no-repeat&#8221; bg_override=&#8221;ex-full&#8221; css=&#8221;.vc_custom_1554486038536{padding-top: 120px !important;padding-bottom: 120px !important;}&#8221;][vc_column width=&#8221;1\/2&#8243;][\/vc_column][vc_column width=&#8221;1\/2&#8243;][ult_animation_block animation=&#8221;fadeInUp&#8221; animation_duration=&#8221;1&#8243; animation_delay=&#8221;0.3&#8243; animation_iteration_count=&#8221;1&#8243;][vc_row_inner][vc_column_inner width=&#8221;1\/2&#8243;][icon_counter border_size=&#8221;1&#8243; border_color=&#8221;__USE_THEME_MAIN_COLOR__&#8221; icon=&#8221;Defaults-wrench&#8221; icon_size=&#8221;38&#8243; icon_color=&#8221;#ffffff&#8221; text_color=&#8221;#ffffff&#8221; desc_color=&#8221;#ffffff&#8221; bg_color=&#8221;#0084d4&#8243; block_title_front=&#8221;MANUTEN\u00c7\u00c3O&#8221; block_title_back=&#8221;MANUTEN\u00c7AO&#8221; block_desc_back=&#8221;Projeto e execu\u00e7\u00e3o de manuten\u00e7\u00f5es em data centers.&#8221; cont_align=&#8221;on&#8221; ult_param_heading=&#8221;&#8221; title_font=&#8221;font_family:Poppins|font_call:Poppins|variant:600&#8243; title_font_style=&#8221;font-weight:600;&#8221; desc_font=&#8221;font_family:Open Sans|font_call:Open+Sans&#8221; desc_font_style=&#8221;font-weight:500;&#8221; title_font_size=&#8221;desktop:16px;&#8221; desc_font_size=&#8221;desktop:12px;&#8221; desc_font_line_height=&#8221;desktop:20px;&#8221;][\/vc_column_inner][vc_column_inner width=&#8221;1\/2&#8243;][icon_counter border_size=&#8221;1&#8243; border_color=&#8221;#212121&#8243; icon=&#8221;Defaults-star&#8221; icon_size=&#8221;38&#8243; icon_color=&#8221;#ffffff&#8221; text_color=&#8221;#ffffff&#8221; desc_color=&#8221;#ffffff&#8221; bg_color=&#8221;#4ac9e3&#8243; block_title_front=&#8221;IMPLANTA\u00c7\u00c3O&#8221; block_title_back=&#8221;IMPLANTA\u00c7\u00c3O&#8221; block_desc_back=&#8221;Seu data center entregue e funcionando.&#8221; cont_align=&#8221;on&#8221; title_font=&#8221;font_family:Poppins|font_call:Poppins|variant:600&#8243; title_font_style=&#8221;font-weight:600;&#8221; desc_font=&#8221;font_family:Open Sans|font_call:Open+Sans&#8221; desc_font_style=&#8221;font-weight:500;&#8221; title_font_size=&#8221;desktop:17px;&#8221; desc_font_size=&#8221;desktop:12px;&#8221; desc_font_line_height=&#8221;desktop:20px;&#8221;][\/vc_column_inner][\/vc_row_inner][vc_empty_space height=&#8221;15px&#8221;][\/ult_animation_block][ult_animation_block animation=&#8221;fadeInUp&#8221; animation_duration=&#8221;1&#8243; animation_delay=&#8221;0.3&#8243; animation_iteration_count=&#8221;1&#8243;][vc_row_inner][vc_column_inner width=&#8221;1\/2&#8243;][icon_counter border_size=&#8221;1&#8243; border_color=&#8221;#212121&#8243; icon=&#8221;Defaults-pencil&#8221; icon_size=&#8221;38&#8243; icon_color=&#8221;#ffffff&#8221; text_color=&#8221;#ffffff&#8221; desc_color=&#8221;#ffffff&#8221; bg_color=&#8221;#4ac9e3&#8243; block_title_front=&#8221;PROJETO&#8221; block_title_back=&#8221;PROJETO&#8221; block_desc_back=&#8221;Projeto completo para data center.&#8221; cont_align=&#8221;on&#8221; title_font=&#8221;font_family:Poppins|font_call:Poppins|variant:600&#8243; title_font_style=&#8221;font-weight:600;&#8221; desc_font=&#8221;font_family:Open Sans|font_call:Open+Sans&#8221; desc_font_style=&#8221;font-weight:500;&#8221; title_font_size=&#8221;desktop:17px;&#8221; desc_font_size=&#8221;desktop:12px;&#8221; desc_font_line_height=&#8221;desktop:20px;&#8221; title_font_line_height=&#8221;desktop:18px;&#8221;][\/vc_column_inner][vc_column_inner width=&#8221;1\/2&#8243;][icon_counter border_size=&#8221;1&#8243; border_color=&#8221;__USE_THEME_MAIN_COLOR__&#8221; icon=&#8221;Defaults-certificate&#8221; icon_size=&#8221;38&#8243; icon_color=&#8221;#ffffff&#8221; text_color=&#8221;#ffffff&#8221; desc_color=&#8221;#ffffff&#8221; bg_color=&#8221;#0084d4&#8243; block_title_front=&#8221;CERTIFICA\u00c7\u00c3O&#8221; block_title_back=&#8221;CERTIFICA\u00c7\u00c3O&#8221; block_desc_back=&#8221;Processo completo de certifica\u00e7\u00e3o.&#8221; cont_align=&#8221;on&#8221; title_font=&#8221;font_family:Poppins|font_call:Poppins|variant:600&#8243; title_font_style=&#8221;font-weight:600;&#8221; desc_font=&#8221;font_family:Open Sans|font_call:Open+Sans&#8221; desc_font_style=&#8221;font-weight:500;&#8221; title_font_size=&#8221;desktop:17px;&#8221; desc_font_size=&#8221;desktop:12px;&#8221; desc_font_line_height=&#8221;desktop:20px;&#8221;][\/vc_column_inner][\/vc_row_inner][\/ult_animation_block][\/vc_column][\/vc_row][vc_row css=&#8221;.vc_custom_1525703964757{padding-top: 100px !important;padding-bottom: 100px !important;}&#8221;][vc_column width=&#8221;1\/6&#8243; css=&#8221;.vc_custom_1476030875969{padding-right: 20px !important;}&#8221;][\/vc_column][vc_column width=&#8221;2\/3&#8243;][vc_custom_heading text=&#8221;Solicite j\u00e1 seu atendimento!&#8221; font_container=&#8221;tag:h3|text_align:center|color:__USE_THEME_MAIN_COLOR__&#8221; use_theme_fonts=&#8221;yes&#8221; el_class=&#8221;no-letter-spacing&#8221;][vc_custom_heading text=&#8221;Envie seus dados que n\u00f3s retornaremos para voc\u00ea.&#8221; font_container=&#8221;tag:h2|text_align:center&#8221; use_theme_fonts=&#8221;yes&#8221; el_class=&#8221;no-letter-spacing&#8221;][vc_empty_space height=&#8221;15px&#8221;][vc_empty_space height=&#8221;5px&#8221;][vc_btn title=&#8221;CADASTRAR&#8221; style=&#8221;outline-custom&#8221; outline_custom_color=&#8221;#141b4d&#8221; outline_custom_hover_background=&#8221;#ff6720&#8243; outline_custom_hover_text=&#8221;#141b4d&#8221; shape=&#8221;square&#8221; align=&#8221;center&#8221; link=&#8221;url:https%3A%2F%2Fwww.dcsservice.com.br%2Fcontato%2F|||&#8221;][\/vc_column][vc_column width=&#8221;1\/6&#8243;][\/vc_column][\/vc_row]<\/p>\n","protected":false},"excerpt":{"rendered":"<p>[vc_row css=&#8221;.vc_custom_1525183389535{padding-top: 100px !important;padding-bottom: 100px !important;}&#8221;][vc_column][ult_animation_block animation=&#8221;slideInUp&#8221; animation_duration=&#8221;1&#8243; animation_delay=&#8221;0.3&#8243; animation_iteration_count=&#8221;1&#8243;][verticaltabs style_vt=&#8221;icontext&#8221; orientation=&#8221;horizontal&#8221; style=&#8221;icontext&#8221; el_class=&#8221;special_tabs.horizontal&#8221;][verticaltab icon=&#8221;Defaults-database&#8221; title=&#8221;A DCS&#8221; tab_id=&#8221;1474056939962-2-7&#8243;][vc_row_inner][vc_column_inner width=&#8221;1\/2&#8243; css=&#8221;.vc_custom_1474056192226{padding-left: 25px !important;}&#8221;][vc_custom_heading text=&#8221;A DCS&#8221; font_container=&#8221;tag:h3|text_align:left|color:%23141b4d&#8221; use_theme_fonts=&#8221;yes&#8221;][vc_empty_space height=&#8221;20px&#8221;][vc_column_text]No mercado h\u00e1 10 anos, \u00e9 uma empresa caracterizada em solu\u00e7\u00f5es de infraestrutura para TI. N\u00f3s desenvolvemos solu\u00e7\u00f5es end-to-end para datacenters, isto \u00e9, elaboramos projetos, gerenciamos e executamos cada [&hellip;]<\/p>\n","protected":false},"author":4,"featured_media":0,"parent":0,"menu_order":0,"comment_status":"closed","ping_status":"closed","template":"page.php","meta":{"footnotes":""},"class_list":["post-10193","page","type-page","status-publish","hentry"],"_links":{"self":[{"href":"https:\/\/www.dcsservice.com.br\/index.php?rest_route=\/wp\/v2\/pages\/10193","targetHints":{"allow":["GET"]}}],"collection":[{"href":"https:\/\/www.dcsservice.com.br\/index.php?rest_route=\/wp\/v2\/pages"}],"about":[{"href":"https:\/\/www.dcsservice.com.br\/index.php?rest_route=\/wp\/v2\/types\/page"}],"author":[{"embeddable":true,"href":"https:\/\/www.dcsservice.com.br\/index.php?rest_route=\/wp\/v2\/users\/4"}],"replies":[{"embeddable":true,"href":"https:\/\/www.dcsservice.com.br\/index.php?rest_route=%2Fwp%2Fv2%2Fcomments&post=10193"}],"version-history":[{"count":1,"href":"https:\/\/www.dcsservice.com.br\/index.php?rest_route=\/wp\/v2\/pages\/10193\/revisions"}],"predecessor-version":[{"id":15302,"href":"https:\/\/www.dcsservice.com.br\/index.php?rest_route=\/wp\/v2\/pages\/10193\/revisions\/15302"}],"wp:attachment":[{"href":"https:\/\/www.dcsservice.com.br\/index.php?rest_route=%2Fwp%2Fv2%2Fmedia&parent=10193"}],"curies":[{"name":"wp","href":"https:\/\/api.w.org\/{rel}","templated":true}]}}